{"id":16018,"date":"2023-03-07T11:36:15","date_gmt":"2023-03-07T10:36:15","guid":{"rendered":"https:\/\/www.consultingcheck.com\/\/topics\/despidos-laborales\/16018\/"},"modified":"2023-03-07T11:36:15","modified_gmt":"2023-03-07T10:36:15","slug":"despidos-laborales","status":"publish","type":"jask_topic","link":"https:\/\/www.consultingcheck.com\/es\/topics\/despidos-laborales\/16018\/","title":{"rendered":"Despidos laborales"},"content":{"rendered":"<p>Puede reducir su plantilla de forma selectiva a trav\u00e9s de rescisiones individuales de contratos de trabajo. Los despidos s\u00f3lo son posibles por dos razones: por causa disciplinaria o por causa objetiva. Ambas causas exigen que se cumplan determinadas condiciones. A la hora de rescindir los contratos de trabajo, se pueden cometer muchos errores formales que hacen que las rescisiones sean ineficaces y dejen \u00abrecoldos\u00bb. Para evitar estos errores, a menudo evitables, es mejor involucrar a abogados laboralistas experimentados en el proceso de rescisi\u00f3n en una fase temprana. <\/p><p>Los despidos por razones objetivas deben estar socialmente justificados. Consulte las normas vigentes seg\u00fan el c\u00f3digo laboral de su pa\u00eds. Por lo tanto, se debe realizar una selecci\u00f3n social para los despidos por razones objetivas, cuyos criterios est\u00e1n prescritos por la ley: Se trata de la edad, la antig\u00fcedad, las obligaciones de manutenci\u00f3n y una posible discapacidad grave. Se negociar\u00e1 un sistema de puntos en el que se acordar\u00e1 la ponderaci\u00f3n de estos criterios.<\/p><p>En los casos en los que se vayan a suprimir muchos puestos de trabajo, deber\u00e1 utilizarse un <a class=\"topic-link\" href=\"https:\/\/www.consultingcheck.com\/es\/topics\/conciliacion-de-intereses-y-plan-social\/16019\/\" title=\"Interessenausgleich und Sozialplan\">plan de conciliaci\u00f3n de intereses y social<\/a>.<\/p>","protected":false},"featured_media":0,"parent":16016,"menu_order":35800,"template":"","meta":{"_links_to":"","_links_to_target":""},"jask_topic_categories":[434],"class_list":["post-16018","jask_topic","type-jask_topic","status-publish","hentry","jask_topic_categories-kuendigungen"],"yoast_head":"<!-- This site is optimized with the Yoast SEO plugin v27.4 - https:\/\/yoast.com\/product\/yoast-seo-wordpress\/ -->\n<title>Despidos laborales - consultingcheck<\/title>\n<meta name=\"robots\" content=\"index, follow, max-snippet:-1, max-image-preview:large, max-video-preview:-1\" \/>\n<link rel=\"canonical\" href=\"https:\/\/www.consultingcheck.com\/es\/topics\/despidos-laborales\/16018\/\" \/>\n<meta property=\"og:locale\" content=\"es_ES\" \/>\n<meta property=\"og:type\" content=\"article\" \/>\n<meta property=\"og:title\" content=\"Despidos laborales - consultingcheck\" \/>\n<meta property=\"og:description\" content=\"Puede reducir su plantilla de forma selectiva a trav\u00e9s de rescisiones individuales de contratos de trabajo. Los despidos s\u00f3lo son posibles por dos razones: por causa disciplinaria o por causa objetiva. Ambas causas exigen que se cumplan determinadas condiciones. A la hora de rescindir los contratos de trabajo, se pueden cometer muchos errores formales que ...\" \/>\n<meta property=\"og:url\" content=\"https:\/\/www.consultingcheck.com\/es\/topics\/despidos-laborales\/16018\/\" \/>\n<meta property=\"og:site_name\" content=\"consultingcheck\" \/>\n<meta property=\"og:image\" content=\"https:\/\/www.consultingcheck.com\/wp-content\/uploads\/2022\/04\/og-bild_1200x630-1024x538.jpg\" \/>\n<meta name=\"twitter:card\" content=\"summary_large_image\" \/>\n<meta name=\"twitter:image\" content=\"https:\/\/www.consultingcheck.com\/wp-content\/uploads\/2022\/04\/og-bild_1200x630-1024x538.jpg\" \/>\n<meta name=\"twitter:label1\" content=\"Tiempo de lectura\" \/>\n\t<meta name=\"twitter:data1\" content=\"1 minuto\" \/>\n<script type=\"application\/ld+json\" class=\"yoast-schema-graph\">{\"@context\":\"https:\\\/\\\/schema.org\",\"@graph\":[{\"@type\":\"WebPage\",\"@id\":\"https:\\\/\\\/www.consultingcheck.com\\\/es\\\/topics\\\/despidos-laborales\\\/16018\\\/\",\"url\":\"https:\\\/\\\/www.consultingcheck.com\\\/es\\\/topics\\\/despidos-laborales\\\/16018\\\/\",\"name\":\"Despidos laborales - consultingcheck\",\"isPartOf\":{\"@id\":\"https:\\\/\\\/www.consultingcheck.com\\\/es\\\/#website\"},\"datePublished\":\"2023-03-07T10:36:15+00:00\",\"breadcrumb\":{\"@id\":\"https:\\\/\\\/www.consultingcheck.com\\\/es\\\/topics\\\/despidos-laborales\\\/16018\\\/#breadcrumb\"},\"inLanguage\":\"es\",\"potentialAction\":[{\"@type\":\"ReadAction\",\"target\":[\"https:\\\/\\\/www.consultingcheck.com\\\/es\\\/topics\\\/despidos-laborales\\\/16018\\\/\"]}]},{\"@type\":\"BreadcrumbList\",\"@id\":\"https:\\\/\\\/www.consultingcheck.com\\\/es\\\/topics\\\/despidos-laborales\\\/16018\\\/#breadcrumb\",\"itemListElement\":[{\"@type\":\"ListItem\",\"position\":1,\"name\":\"Startseite\",\"item\":\"https:\\\/\\\/www.consultingcheck.com\\\/es\\\/\"},{\"@type\":\"ListItem\",\"position\":2,\"name\":\"Themen\",\"item\":\"https:\\\/\\\/www.consultingcheck.com\\\/es\\\/topic\\\/\"},{\"@type\":\"ListItem\",\"position\":3,\"name\":\"Despidos laborales\"}]},{\"@type\":\"WebSite\",\"@id\":\"https:\\\/\\\/www.consultingcheck.com\\\/es\\\/#website\",\"url\":\"https:\\\/\\\/www.consultingcheck.com\\\/es\\\/\",\"name\":\"consultingcheck\",\"description\":\"Vernetzt gedacht. Entzaubert. Hands-on.\",\"potentialAction\":[{\"@type\":\"SearchAction\",\"target\":{\"@type\":\"EntryPoint\",\"urlTemplate\":\"https:\\\/\\\/www.consultingcheck.com\\\/es\\\/?s={search_term_string}\"},\"query-input\":{\"@type\":\"PropertyValueSpecification\",\"valueRequired\":true,\"valueName\":\"search_term_string\"}}],\"inLanguage\":\"es\"}]}<\/script>\n<!-- \/ Yoast SEO plugin. -->","yoast_head_json":{"title":"Despidos laborales - consultingcheck","robots":{"index":"index","follow":"follow","max-snippet":"max-snippet:-1","max-image-preview":"max-image-preview:large","max-video-preview":"max-video-preview:-1"},"canonical":"https:\/\/www.consultingcheck.com\/es\/topics\/despidos-laborales\/16018\/","og_locale":"es_ES","og_type":"article","og_title":"Despidos laborales - consultingcheck","og_description":"Puede reducir su plantilla de forma selectiva a trav\u00e9s de rescisiones individuales de contratos de trabajo. Los despidos s\u00f3lo son posibles por dos razones: por causa disciplinaria o por causa objetiva. Ambas causas exigen que se cumplan determinadas condiciones. A la hora de rescindir los contratos de trabajo, se pueden cometer muchos errores formales que ...","og_url":"https:\/\/www.consultingcheck.com\/es\/topics\/despidos-laborales\/16018\/","og_site_name":"consultingcheck","og_image":[{"url":"https:\/\/www.consultingcheck.com\/wp-content\/uploads\/2022\/04\/og-bild_1200x630-1024x538.jpg","type":"","width":"","height":""}],"twitter_card":"summary_large_image","twitter_image":"https:\/\/www.consultingcheck.com\/wp-content\/uploads\/2022\/04\/og-bild_1200x630-1024x538.jpg","twitter_misc":{"Tiempo de lectura":"1 minuto"},"schema":{"@context":"https:\/\/schema.org","@graph":[{"@type":"WebPage","@id":"https:\/\/www.consultingcheck.com\/es\/topics\/despidos-laborales\/16018\/","url":"https:\/\/www.consultingcheck.com\/es\/topics\/despidos-laborales\/16018\/","name":"Despidos laborales - consultingcheck","isPartOf":{"@id":"https:\/\/www.consultingcheck.com\/es\/#website"},"datePublished":"2023-03-07T10:36:15+00:00","breadcrumb":{"@id":"https:\/\/www.consultingcheck.com\/es\/topics\/despidos-laborales\/16018\/#breadcrumb"},"inLanguage":"es","potentialAction":[{"@type":"ReadAction","target":["https:\/\/www.consultingcheck.com\/es\/topics\/despidos-laborales\/16018\/"]}]},{"@type":"BreadcrumbList","@id":"https:\/\/www.consultingcheck.com\/es\/topics\/despidos-laborales\/16018\/#breadcrumb","itemListElement":[{"@type":"ListItem","position":1,"name":"Startseite","item":"https:\/\/www.consultingcheck.com\/es\/"},{"@type":"ListItem","position":2,"name":"Themen","item":"https:\/\/www.consultingcheck.com\/es\/topic\/"},{"@type":"ListItem","position":3,"name":"Despidos laborales"}]},{"@type":"WebSite","@id":"https:\/\/www.consultingcheck.com\/es\/#website","url":"https:\/\/www.consultingcheck.com\/es\/","name":"consultingcheck","description":"Vernetzt gedacht. Entzaubert. Hands-on.","potentialAction":[{"@type":"SearchAction","target":{"@type":"EntryPoint","urlTemplate":"https:\/\/www.consultingcheck.com\/es\/?s={search_term_string}"},"query-input":{"@type":"PropertyValueSpecification","valueRequired":true,"valueName":"search_term_string"}}],"inLanguage":"es"}]}},"_links":{"self":[{"href":"https:\/\/www.consultingcheck.com\/es\/wp-json\/wp\/v2\/jask_topic\/16018","targetHints":{"allow":["GET"]}}],"collection":[{"href":"https:\/\/www.consultingcheck.com\/es\/wp-json\/wp\/v2\/jask_topic"}],"about":[{"href":"https:\/\/www.consultingcheck.com\/es\/wp-json\/wp\/v2\/types\/jask_topic"}],"version-history":[{"count":0,"href":"https:\/\/www.consultingcheck.com\/es\/wp-json\/wp\/v2\/jask_topic\/16018\/revisions"}],"up":[{"embeddable":true,"href":"https:\/\/www.consultingcheck.com\/es\/wp-json\/wp\/v2\/jask_topic\/16016"}],"wp:attachment":[{"href":"https:\/\/www.consultingcheck.com\/es\/wp-json\/wp\/v2\/media?parent=16018"}],"wp:term":[{"taxonomy":"jask_topic_categories","embeddable":true,"href":"https:\/\/www.consultingcheck.com\/es\/wp-json\/wp\/v2\/jask_topic_categories?post=16018"}],"curies":[{"name":"wp","href":"https:\/\/api.w.org\/{rel}","templated":true}]}}

<p>Puede reducir su plantilla de forma selectiva a través de rescisiones individuales de contratos de trabajo. Los despidos sólo son posibles por dos razones: por causa disciplinaria o por causa objetiva. Ambas causas exigen que se cumplan determinadas condiciones. A la hora de rescindir los contratos de trabajo, se pueden cometer muchos errores formales que hacen que las rescisiones sean ineficaces y dejen «recoldos». Para evitar estos errores, a menudo evitables, es mejor involucrar a abogados laboralistas experimentados en el proceso de rescisión en una fase temprana. </p><p>Los despidos por razones objetivas deben estar socialmente justificados. Consulte las normas vigentes según el código laboral de su país. Por lo tanto, se debe realizar una selección social para los despidos por razones objetivas, cuyos criterios están prescritos por la ley: Se trata de la edad, la antigüedad, las obligaciones de manutención y una posible discapacidad grave. Se negociará un sistema de puntos en el que se acordará la ponderación de estos criterios.</p><p>En los casos en los que se vayan a suprimir muchos puestos de trabajo, deberá utilizarse un <a class="topic-link" href="https://www.consultingcheck.com/es/topics/conciliacion-de-intereses-y-plan-social/16019/" title="Interessenausgleich und Sozialplan">plan de conciliación de intereses y social</a>.</p>

<!-- This site is optimized with the Yoast SEO plugin v27.4 - https://yoast.com/product/yoast-seo-wordpress/ -->
<title>Despidos laborales - consultingcheck</title>
<meta name="robots" content="index, follow, max-snippet:-1, max-image-preview:large, max-video-preview:-1" />
<link rel="canonical" href="https://www.consultingcheck.com/es/topics/despidos-laborales/16018/" />
<meta property="og:locale" content="es_ES" />
<meta property="og:type" content="article" />
<meta property="og:title" content="Despidos laborales - consultingcheck" />
<meta property="og:description" content="Puede reducir su plantilla de forma selectiva a través de rescisiones individuales de contratos de trabajo. Los despidos sólo son posibles por dos razones: por causa disciplinaria o por causa objetiva. Ambas causas exigen que se cumplan determinadas condiciones. A la hora de rescindir los contratos de trabajo, se pueden cometer muchos errores formales que ..." />
<meta property="og:url" content="https://www.consultingcheck.com/es/topics/despidos-laborales/16018/" />
<meta property="og:site_name" content="consultingcheck" />
<meta property="og:image" content="https://www.consultingcheck.com/wp-content/uploads/2022/04/og-bild_1200x630-1024x538.jpg" />
<meta name="twitter:card" content="summary_large_image" />
<meta name="twitter:image" content="https://www.consultingcheck.com/wp-content/uploads/2022/04/og-bild_1200x630-1024x538.jpg" />
<meta name="twitter:label1" content="Tiempo de lectura" />
	<meta name="twitter:data1" content="1 minuto" />
<script type="application/ld+json" class="yoast-schema-graph">{"@context":"https:\/\/schema.org","@graph":[{"@type":"WebPage","@id":"https:\/\/www.consultingcheck.com\/es\/topics\/despidos-laborales\/16018\/","url":"https:\/\/www.consultingcheck.com\/es\/topics\/despidos-laborales\/16018\/","name":"Despidos laborales - consultingcheck","isPartOf":{"@id":"https:\/\/www.consultingcheck.com\/es\/#website"},"datePublished":"2023-03-07T10:36:15+00:00","breadcrumb":{"@id":"https:\/\/www.consultingcheck.com\/es\/topics\/despidos-laborales\/16018\/#breadcrumb"},"inLanguage":"es","potentialAction":[{"@type":"ReadAction","target":["https:\/\/www.consultingcheck.com\/es\/topics\/despidos-laborales\/16018\/"]}]},{"@type":"BreadcrumbList","@id":"https:\/\/www.consultingcheck.com\/es\/topics\/despidos-laborales\/16018\/#breadcrumb","itemListElement":[{"@type":"ListItem","position":1,"name":"Startseite","item":"https:\/\/www.consultingcheck.com\/es\/"},{"@type":"ListItem","position":2,"name":"Themen","item":"https:\/\/www.consultingcheck.com\/es\/topic\/"},{"@type":"ListItem","position":3,"name":"Despidos laborales"}]},{"@type":"WebSite","@id":"https:\/\/www.consultingcheck.com\/es\/#website","url":"https:\/\/www.consultingcheck.com\/es\/","name":"consultingcheck","description":"Vernetzt gedacht. Entzaubert. Hands-on.","potentialAction":[{"@type":"SearchAction","target":{"@type":"EntryPoint","urlTemplate":"https:\/\/www.consultingcheck.com\/es\/?s={search_term_string}"},"query-input":{"@type":"PropertyValueSpecification","valueRequired":true,"valueName":"search_term_string"}}],"inLanguage":"es"}]}</script>
<!-- / Yoast SEO plugin. -->

Puede reducir su plantilla de forma selectiva a través de rescisiones individuales de contratos de trabajo. Los despidos sólo son posibles por dos razones: por causa disciplinaria o por causa objetiva. Ambas causas exigen que se cumplan determinadas condiciones. A la hora de rescindir los contratos de trabajo, se pueden cometer muchos errores formales que ...
